MONTHLY CLIMATOLOGICAL SUMMARY FOR 6/2024
                                        HEAT  COOL        
     MEAN                               DEG   DEG       WIND SPEED       DOM MEAN  MEAN
DAY  TEMP  HIGH   TIME     LOW   TIME   DAYS  DAYS RAIN AVG  HI  TIME    DIR BAROM HUM
---------------------------------------------------------------------------------------
1    57.5  64.7   4:47pm  51.6   5:16am    7    0  0.02   0   6   2:03pm   W 29.89   81
2    56.8  59.8   3:45pm  54.8   5:52am    8    0  0.68   0  10   6:26pm SSE 29.71   95
3    53.2  56.4   1:45pm  50.7  11:56pm   11    0  0.55   2  21  11:56am   S 29.71   89
4    54.3  59.8  10:42am  49.1   2:10am   10    0  0.19   1  17   2:31pm   S 29.89   90
5    56.4  68.0   6:41pm  43.1   5:24am    8    0  0.00   0  13   3:04pm  NW 30.14   74
6    59.0  72.4   5:22pm  43.6   5:39am    8    2  0.00   0   8   6:05pm  NW 30.04   71
7    62.6  77.9   4:48pm  44.6   5:37am    6    4  0.00   1   9   1:31pm  NW 29.92   68
8    66.0  79.4   6:03pm  51.8   5:16am    4    5  0.00   0   8   2:55pm  NW 29.84   66
9    61.7  72.5   5:00pm  53.3   6:03am    5    2  0.00   1  11   6:17pm WSW 29.95   77
10   59.6  72.2   5:14pm  50.5   6:38am    6    1  0.00   0  10  12:08am  SW 30.05   78
11   58.8  65.9   3:24pm  52.8   3:54am    6    0  0.03   2  16   3:41pm WSW 30.00   79
12   57.8  66.7   5:46pm  51.2   6:23am    7    0  0.00   1  11   2:19pm  NW 30.14   69
13   57.8  67.7   6:54pm  43.3   5:37am    7    0  0.00   1   8   1:50pm WSW 30.02   70
14   54.3  62.9   1:00pm  43.2   5:23am   10    0  0.00   1  11  11:21am  NW 30.07   75
15   51.2  55.9  12:38pm  47.5   1:25pm   14    0  0.56   1  14   1:05pm   S 30.03   90
16   52.6  61.5   6:06pm  46.2  11:41pm   11    0  0.04   1  12   5:50pm NNE 30.00   82
17   52.4  58.0   1:52pm  45.4  12:23am   12    0  0.03   0   8   2:04pm SSE 29.99   89
18   57.3  69.4   6:08pm  47.0   5:33am    7    0  0.00   0   8   2:03pm  NW 29.99   75
19   61.5  78.2   6:00pm  44.6   5:54am    7    4  0.00   1  10   3:50pm  NW 29.92   73
---------------------------------------------------------------------------------------
TOT  57.4  79.4   6/8/24  43.1   6/5/24  154   18  2.10   1  21   6/3/24  NW 29.96   78

HEAT BASE: 65.0
COOL BASE: 65.0