MONTHLY CLIMATOLOGICAL SUMMARY FOR 5/2024
                                        HEAT  COOL        
     MEAN                               DEG   DEG       WIND SPEED       DOM MEAN  MEAN
DAY  TEMP  HIGH   TIME     LOW   TIME   DAYS  DAYS RAIN AVG  HI  TIME    DIR BAROM HUM
---------------------------------------------------------------------------------------
1    46.7  57.6   4:32pm  35.7   2:07am   18    0  0.00   0   9   9:41am  NW 30.12   78
2    49.5  65.6   7:26pm  34.9   6:30am   15    0  0.00   1  13   4:43pm  NW 29.97   73
3    52.9  65.8   1:27pm  40.5   5:18am   12    0  0.00   0   9   3:25pm WSW 29.83   72
4    53.0  62.4  11:47am  49.2   4:39am   12    0  0.16   0  14  10:48am WSW 29.50   87
5    48.0  49.6   3:22pm  46.7  11:58pm   16    0  0.44   1  11   5:48pm SSE 29.72   96
6    47.4  51.4  12:44pm  44.7  11:48pm   16    0  0.35   1  14  12:56pm SSE 29.86   91
7    48.8  57.2   6:55pm  43.2   5:57am   15    0  0.03   0   9  12:00am NNE 30.17   77
8    49.8  63.3   5:16pm  35.5   5:51am   14    0  0.00   1  14   3:09pm  NW 30.35   75
9    58.5  76.9   6:04pm  41.4   5:31am    9    3  0.00   1  11   5:47pm  NW 30.24   70
10   65.2  83.5   6:55pm  46.9   5:27am    6    6  0.00   0   9   2:13pm  NW 30.03   62
11   66.4  83.5   7:05pm  49.6   6:18am    4    6  0.00   0   9   4:24pm  NW 29.86   63
12   62.5  74.9   5:34pm  49.0   5:49am    5    3  0.00   1  11   2:57pm  NW 29.89   69
13   57.8  62.6   4:45pm  52.4  11:59pm    6    0  0.00   0   9   1:07pm  SW 30.01   78
14   59.3  70.3   4:31pm  46.0   3:08am    7    1  0.00   1  14   3:18pm NNE 30.12   70
15   61.7  75.3   6:22pm  47.5   5:44am    5    2  0.00   1  10   2:16pm  NW 30.04   71
16   56.3  63.9   2:23pm  51.1   7:33am    8    0  0.00   2  18   6:39pm SSW 29.91   83
17   52.8  60.4   3:28pm  47.3   5:48am   12    0  0.00   2  16  12:49am SSE 30.05   71
18   49.2  55.0   2:14pm  45.4   2:22am   15    0  0.15   1  15   2:54pm WSW 30.04   82
19   50.9  60.0   7:17pm  44.0   4:12am   13    0  0.01   0  10   4:32pm WSW 30.17   81
20   52.6  64.7   5:54pm  40.5   5:46am   12    0  0.00   1   9  12:25pm WSW 30.20   77
21   50.3  52.9  12:00am  47.2   1:59am    1    0  0.00   0   5   1:44am   S 30.16   80
---------------------------------------------------------------------------------------
TOT  54.4  83.5  5/10/24  34.9   5/2/24  222   21  1.14   1  18  5/16/24  NW 30.00   76

HEAT BASE: 65.0
COOL BASE: 65.0